{"id":1046,"date":"2013-06-12T22:46:50","date_gmt":"2013-06-12T20:46:50","guid":{"rendered":"http:\/\/jcfrog.com\/blog\/?page_id=1046"},"modified":"2013-06-12T22:49:34","modified_gmt":"2013-06-12T20:49:34","slug":"licence-complete-bullshit","status":"publish","type":"page","link":"http:\/\/jcfrog.com\/blog\/licence-complete-bullshit\/","title":{"rendered":"Licence Complete Bullshit"},"content":{"rendered":"<p><a href=\"http:\/\/jcfrog.com\/blog\/wp-content\/uploads\/2013\/06\/completebullshit.jpg\"><img loading=\"lazy\" decoding=\"async\" class=\"aligncenter size-full wp-image-1047\" title=\"completebullshit\" src=\"http:\/\/jcfrog.com\/blog\/wp-content\/uploads\/2013\/06\/completebullshit.jpg\" alt=\"\" width=\"449\" height=\"149\" srcset=\"http:\/\/jcfrog.com\/blog\/wp-content\/uploads\/2013\/06\/completebullshit.jpg 449w, http:\/\/jcfrog.com\/blog\/wp-content\/uploads\/2013\/06\/completebullshit-300x99.jpg 300w\" sizes=\"(max-width: 449px) 100vw, 449px\" \/><\/a>Tout article ou image produite sous licence Complete Bullshit est reconnu d\u2019inutilit\u00e9 publique. Tout y est ouvertement faux et scandaleusement mensonger, en g\u00e9n\u00e9ral dans l\u2019unique espoir d\u2019aider \u00e0 la LOLitude ambiante.<\/p>\n<p>Toute action en justice serait donc ridicule puisque \u00e7a ne me ferait pas plaisir, d\u2019autant que cela n\u2019est pas tr\u00e8s gentil.<\/p>\n<p><span style=\"font-size: 10px;\"><a href=\"http:\/\/jcfrog.com\/blog\/wp-content\/uploads\/2013\/06\/completebullshitsmall.jpg\"><img loading=\"lazy\" decoding=\"async\" class=\"aligncenter size-full wp-image-1050\" title=\"completebullshitsmall\" src=\"http:\/\/jcfrog.com\/blog\/wp-content\/uploads\/2013\/06\/completebullshitsmall.jpg\" alt=\"\" width=\"100\" height=\"33\" \/><\/a>Cette licence \u00e0 vocation \u00e0 \u00eatre massivement pirat\u00e9e, elle est \u00e9videmment elle m\u00eame sous licence CC0.<\/span><\/p>\n","protected":false},"excerpt":{"rendered":"<p>Tout article ou image produite sous licence Complete Bullshit est reconnu d\u2019inutilit\u00e9 publique. Tout y est ouvertement faux et scandaleusement mensonger, en g\u00e9n\u00e9ral dans l\u2019unique espoir d\u2019aider \u00e0 la LOLitude ambiante. Toute action en justice serait donc ridicule puisque \u00e7a ne me ferait pas plaisir, d\u2019autant que cela n\u2019est pas tr\u00e8s gentil. Cette licence \u00e0 [&hellip;]<\/p>\n","protected":false},"author":2,"featured_media":0,"parent":0,"menu_order":0,"comment_status":"open","ping_status":"open","template":"","meta":{"jetpack_post_was_ever_published":false,"footnotes":""},"jetpack_shortlink":"https:\/\/wp.me\/P2MSpd-gS","jetpack_sharing_enabled":true,"_links":{"self":[{"href":"http:\/\/jcfrog.com\/blog\/wp-json\/wp\/v2\/pages\/1046"}],"collection":[{"href":"http:\/\/jcfrog.com\/blog\/wp-json\/wp\/v2\/pages"}],"about":[{"href":"http:\/\/jcfrog.com\/blog\/wp-json\/wp\/v2\/types\/page"}],"author":[{"embeddable":true,"href":"http:\/\/jcfrog.com\/blog\/wp-json\/wp\/v2\/users\/2"}],"replies":[{"embeddable":true,"href":"http:\/\/jcfrog.com\/blog\/wp-json\/wp\/v2\/comments?post=1046"}],"version-history":[{"count":2,"href":"http:\/\/jcfrog.com\/blog\/wp-json\/wp\/v2\/pages\/1046\/revisions"}],"predecessor-version":[{"id":1051,"href":"http:\/\/jcfrog.com\/blog\/wp-json\/wp\/v2\/pages\/1046\/revisions\/1051"}],"wp:attachment":[{"href":"http:\/\/jcfrog.com\/blog\/wp-json\/wp\/v2\/media?parent=1046"}],"curies":[{"name":"wp","href":"https:\/\/api.w.org\/{rel}","templated":true}]}}